g + 0 = -4*k - 2*q, 0 = -4*q - 12. Suppose 2*j - 3 - k = 0. What is the units digit of j?
2
Let s(k) = 2*k**2 + 11*k + 3. Suppose -21*a + 15 = -16*a. Suppose -5*n - a*c - 5 = 2*c, c - 29 = 4*n. What is the units digit of s(n)?
9
Let v(h) = 4*h**2 + h**2 - 2 - 2*h**2 + 4*h**2 - h. What is the tens digit of v(3)?
5
Let x = -114 + 74. What is the units digit of (x/16)/((-1)/26)?
5
Suppose -j = 114 - 178. What is the hundreds digit of 1*-28*(-400)/j?
1
Let p = -11 - -11. Suppose 4*i + p = 16. Suppose v - 5*w = 4*v - 75, 0 = -i*v - w + 100. What is the tens digit of v?
2
Suppose 5*c + 2*i + 16 = 0, -3*c + 5*i = 19 + 3. What is the hundreds digit of (c - -331)*(-2)/(-6)?
1
Suppose -3*u + 47 = m, -2*u - 5*m = -62 + 9. Let o be 9/(-6)*(-2 - (-4 - -4)). Let f = u - o. What is the tens digit of f?
1
Let o = 2561 - 1788. What is the tens digit of o?
7
Suppose -3*m = 4 - 13. Suppose -4*c - m*v = -0*v - 969, -711 = -3*c + 3*v. What is the units digit of c?
0
Let v(h) = h**3 + 28*h**2 - 61*h + 26. What is the units digit of v(-29)?
4
Let z(t) = t + 8. Let d be z(-4). Let g(r) = 5*r - 7 + 4*r - 4*r + 9*r**3 - d*r**2 + 1. What is the tens digit of g(2)?
6
Let k = -132 + 91. Let m = 67 + k. What is the tens digit of m?
2
Suppose 37 = 3*a + 4*g, 2*g + 9 = 3*a - 4. What is the units digit of a?
7
Let d(w) = w**3 - 23*w**2 + 7*w + 11. What is the units digit of d(24)?
5
Let l = -10 + 16. Let a = -183 + 202. What is the units digit of (a/(-2))/((-3)/l)?
9
Let w be (-9)/3 + (-21)/(-3). Let f(i) = -3 + w*i - 2*i - 1. What is the units digit of f(5)?
6
Let f = 15 + -15. Suppose 0*k + 4*k = f. Suppose -4*m + 5*z - 23 + 131 = k, -5*m + 4*z + 135 = 0. What is the units digit of m?
7
Suppose 4*r = 7*y - 10*y + 2943, 15 = 3*y. What is the tens digit of r?
3
Suppose -24266 = -71*f + 60*f. What is the hundreds digit of f?
2
Suppose 4*g = 3*p + 79, -4*p + 0*p - 98 = 2*g. What is the tens digit of -3 + (p/20)/(1/(-260))?
2
Let b be (-80)/12 - (2 - (-8)/(-3)). What is the units digit of (2/3)/((-3)/513*b)?
9
Suppose 0 = -2*t + 6, -3*t - 2*t = -3*x + 174. What is the units digit of (x/12)/((-6)/(-64))?
6
Suppose 4*u - 400 = 164. Suppose u - 30 = f. What is the units digit of f?
1
Suppose q - 8 = -6. Suppose -2*r - q*r + 56 = 0. Suppose 2 = -a - 3*k + 5*k, -3*a = -2*k - r. What is the units digit of a?
8
Let s(x) = -3*x - 34. Let r be s(-13). Suppose 5*h - 475 = -5*c, -3*c = r*h + c - 473. What is the units digit of h?
3
Let i(n) = -n**3 - 11*n**2 - 17*n + 11. Let q(r) = 2*r**2 + r + 1. Let m be q(-2). Suppose m*u - 2*u = -45. What is the units digit of i(u)?
2
Let b(z) = 81*z**2 + 9*z - 9. What is the tens digit of b(3)?
4
Let f = 97 - -341. What is the hundreds digit of f?
4
What is the units digit of -7 + (1672 - 7) + -5?
3
Let k be 38 - (12/(-42) - (-9)/7). Let l(h) = h**3 - 5*h**2 + 5*h - 2. Let c be l(4). Let s = c + k. What is the tens digit of s?
3
What is the units digit of (25/5 + -6)*(-926)/2?
3
Suppose 38*q = 42*q - 1284. What is the tens digit of q?
2
Let f(q) = 8*q**2 - 4*q - 2. What is the units digit of f(-9)?
2
Let f = 114 + 125. What is the hundreds digit of f?
2
Let y(l) = 183*l + 228. What is the tens digit of y(5)?
4
Let r(a) = 12*a - 6. Let s be r(-2). Let j = s - -41. What is the tens digit of j?
1
Let f(g) = 3*g**2 + 2*g + 2. Let x = -5 - -1. Let u = x - -7. What is the units digit of f(u)?
5
Let r(l) = -57*l - 19. What is the units digit of r(-3)?
2
Let q be 7/(70/8)*705/(-6). Let v = 191 + q. What is the units digit of v?
7
Suppose -5*k - 33 - 67 = 0. What is the units digit of 15 - k/(4 + 1)?
9
Let q(t) = 3*t - 2. Let b be q(6). Suppose 5*n - 11 + 2 = s, 3*n = -4*s + 56. Let a = s + b. What is the units digit of a?
7
Suppose -7 = -d + 183. Let p be 4/(-18) + d/45. What is the units digit of p + -2 + 66/3?
4
Let b = 912 - 497. What is the tens digit of b?
1
Let j = 4888 + -3177. What is the units digit of j?
1
Let p be (-21)/(-28) - (-3)/(-4). Suppose p = -o - 4*o - 30. Let r(h) = h**2 + 4*h - 1. What is the units digit of r(o)?
1
Suppose 3*z = 15, -14*z = b - 11*z - 710. What is the hundreds digit of b?
6
Let m = 665 - 449. What is the tens digit of m?
1
What is the tens digit of ((-5)/(-10)*-18)/((-2)/6)?
2
Suppose 3 = 2*d - 5. Suppose 5*z = p + 1061, -d*z + p - 3*p = -846. Suppose -5*y + z = -3. What is the tens digit of y?
4
Let s(c) = c**3 + 7*c**2 + 9*c - 9. Let j be s(-7). Let o = j + 121. What is the tens digit of o?
4
Suppose 18*o = 13632 + 11280. What is the units digit of o?
4
Suppose 2*m - 20 + 12 = 0. Suppose 8*j = 6*j + m. What is the units digit of j?
2
Let y = -5 - -5. Suppose 0*z + 6*z - 174 = y. What is the units digit of z?
9
Let l(y) = y**3 - y - 1. Let h(v) = -5*v**3 + 31*v**2 - 3*v + 24. Let k(f) = -h(f) - 4*l(f). What is the tens digit of k(31)?
9
Let l(m) = -m**3 - m**2 + m + 1. Let v(d) = d**3 + d**2 - 2. Suppose -n - 6*n - 21 = 0. Let u(f) = n*l(f) - v(f). What is the units digit of u(3)?
2
Let q = 244 - 122. Let g = q - 10. What is the hundreds digit of g?
1
Let y = -3423 + 6580. What is the hundreds digit of y?
1
Suppose 53*q - 27416 = 188824. What is the hundreds digit of q?
0
Let z = -64 - -67. What is the tens digit of 678*1/9*z?
2
What is the thousands digit of 6/(90/155)*828/6?
1
Let m be (9/(-18))/((-2)/28). Let l(s) = -s + 9. Let c be l(m). Suppose 0 = 3*f - c*f - 5. What is the units digit of f?
5
Let y = -4 - -11. Let u = -2 + y. Suppose -u = -2*g + 9. What is the units digit of g?
7
Suppose -9*i + 603 = -0*i. Suppose -119 = -3*a + i. What is the tens digit of a?
6
Let u be (2/6)/1 - 220/(-6). Suppose 2*j - 277 - u = 0. What is the units digit of j?
7
Let p = 3072 + -1404. What is the tens digit of p?
6
Suppose -2*d = 5*h - 1898, 5*d = 5*h - 467 - 1438. What is the hundreds digit of h?
3
Suppose -4*q + 208 = -80. Suppose -59*b + q = -57*b. What is the tens digit of b?
3
Suppose -2*j - 222 = 4*i, 2*j + 2*i - 50 + 272 = 0. Let l = j - -67. Let s = -7 - l. What is the units digit of s?
7
Let z(w) = -w**2 - 3*w + 4. Let a = 3 - 2. Suppose m = -2 - a. What is the units digit of z(m)?
4
Suppose 176212 - 30356 = 106*a. What is the hundreds digit of a?
3
Let t(g) = 6*g**2 - 22*g + 34. Let c(x) = -2*x**2 + 7*x - 11. Let w(q) = 17*c(q) + 6*t(q). What is the units digit of w(9)?
2
Let y = 74 - 69. Suppose -5*u = -4*h + y*h + 24, 3*h - 3*u - 18 = 0. What is the units digit of h?
1
Let o be -1 + (6 - 2) - 8. Let f = o - -35. What is the units digit of f?
0
Let v(s) = s**2 - 1. Let t be (2 + -2)/(1 - -1). Let g be v(t). What is the units digit of (-5)/(2 + -2 + g)?
5
Let a = 81 + -11. Suppose a = p - 24. What is the units digit of p?
4
Let v(q) = -14*q**2 - 4*q - 15. Let g be v(5). What is the hundreds digit of (-28)/(-42) + g/(-3)?
1
Let x(r) = 23*r**2 + 9*r - 19. Let y(g) = -11*g**2 - 5*g + 10. Let s(v) = -6*x(v) - 11*y(v). Let o be s(3). Let u = -100 - o. What is the tens digit of u?
4
Let m = 59 + -50. Let l = m - 0. What is the units digit of l?
9
Suppose -2*f = 3*f + 50. What is the tens digit of ((-5)/f)/(2/260)?
6
Let a be ((-3)/(-6)*12)/(-2). Let k be (-536)/a*(-210)/56. What is the units digit of 2*(k/(-4))/5?
7
Let j(v) = 3*v**2 - 34*v - 66. What is the tens digit of j(19)?
7
Suppose -3*t - 17*d + 12*d + 10625 = 0, 3*d + 7058 = 2*t. What is the units digit of t?
5
Let r(h) = h**3 - 3*h**2 + 3*h - 4. Let z be r(3). Suppose 3*f - 157 = -c, 2*f - 4*f = z*c - 811. What is the hundreds digit of c?
1
Suppose -u - y = 31, -4*y + 18 = 2*u + 76. Suppose 0 = h - 2*h + 4*l - 6, h + 4*l + 14 = 0. Let d = h - u. What is the tens digit of d?
2
What is the thousands digit of 2018/(-8)*(-48)/12?
1
Let a = 26 - 10. Suppose 5*v - a = 9. Suppose -45 = -j + 4*f, -7*j + 203 = -4*j + v*f. What is the units digit of j?
1
Suppose 4*a + 25 = 9*a. Suppose 2*k = -k + 3*c + 303, -3*k - a*c + 343 = 0. What is the tens digit of k?
0
Let p = 241 - 102. Suppose -5*s = -p - 751. What is the tens digit of s?
7
Let r = 17 - -7. Suppose 0 = -y + 5*p + 86 + r, -y + 86 = p. What is the tens digit of y?
9
Let m = 8227 - 3434. What is the hundreds digit of m?
7
Let b = 672 + 792. What is the thousands digit of b?
1
Let v(j) = 5*j**2 - 4*j + 7. Let b be v(2). What is the tens digit of (-1 - -39)*b/38?
1
Suppose 6*h - 4*h + 351 = 5*w, h - 135 = -2*w. What 